 41, 223
What are the prime factors of 2562297?
3, 854099
List the prime factors of 104149.
104149
List the prime factors of 217130.
2, 5, 21713
List the prime factors of 411832.
2, 51479
What are the prime factors of 113297?
19, 67, 89
What are the prime factors of 320600?
2, 5, 7, 229
List the prime factors of 10016.
2, 313
List the prime factors of 13578994.
2, 11, 13, 79, 601
List the prime factors of 208564.
2, 23, 2267
List the prime factors of 343748.
2, 19, 4523
List the prime factors of 250058.
2, 125029
What are the prime factors of 6629356?
2, 1657339
What are the prime factors of 660696?
2, 3, 27529
List the prime factors of 3207632.
2, 29, 31, 223
List the prime factors of 6574185.
3, 5, 146093
List the prime factors of 72900.
2, 3, 5
What are the prime factors of 1625157?
3, 23, 2617
What are the prime factors of 2703677?
2703677
What are the prime factors of 3693341?
59, 1061
List the prime factors of 6749180.
2, 5, 19, 17761
What are the prime factors of 220061?
337, 653
What are the prime factors of 239942?
2, 119971
List the prime factors of 13617015.
3, 5, 19, 47779
List the prime factors of 395766.
2, 3, 7, 349
List the prime factors of 32805364.
2, 8201341
What are the prime factors of 2066864?
2, 101, 1279
List the prime factors of 423939.
3, 251, 563
List the prime factors of 20348450.
2, 5, 406969
What are the prime factors of 308271?
3, 211, 487
List the prime factors of 6503572.
2, 23, 223, 317
List the prime factors of 450414.
2, 3, 19, 439
What are the prime factors of 8314307?
37, 224711
List the prime factors of 1863258.
2, 3, 443, 701
List the prime factors of 36206690.
2, 5, 13, 41, 6793
List the prime factors of 219503.
219503
What are the prime factors of 5234713?
11, 89, 5347
What are the prime factors of 11809370?
2, 5, 1180937
List the prime factors of 1596116.
2, 79, 5051
What are the prime factors of 277140?
2, 3, 5, 31, 149
What are the prime factors of 1157660?
2, 5, 7, 8269
List the prime factors of 93505.
5, 18701
What are the prime factors of 12748967?
7, 11, 31, 109
What are the prime factors of 9287063?
9287063
What are the prime factors of 1845831?
3, 13, 19, 47, 53
What are the prime factors of 6385316?
2, 7, 97, 2351
List the prime factors of 1181530.
2, 5, 7, 16879
What are the prime factors of 1907614?
2, 199, 4793
List the prime factors of 14048702.
2, 29, 43, 131
List the prime factors of 1057151.
151, 7001
List the prime factors of 1550051.
1550051
List the prime factors of 1564343.
11, 71, 2003
What are the prime factors of 13441107?
3, 47, 95327
What are the prime factors of 1411393?
953, 1481
What are the prime factors of 2110595?
5, 23, 18353
What are the prime factors of 16903820?
2, 5, 37, 53, 431
What are the prime factors of 12774012?
2, 3, 953, 1117
What are the prime factors of 25229470?
2, 5, 7, 360421
List the prime factors of 405874.
2, 7, 53, 547
List the prime factors of 17974093.
17974093
What are the prime factors of 265225?
5, 103
List the prime factors of 3378838.
2, 23, 73453
What are the prime factors of 1494590?
2, 5, 149459
What are the prime factors of 219016?
2, 7, 3911
What are the prime factors of 3524384?
2, 241, 457
What are the prime factors of 630232?
2, 78779
What are the prime factors of 671023?
19, 35317
What are the prime factors of 209118?
2, 3, 7, 13, 383
What are the prime factors of 648792?
2, 3, 9011
List the prime factors of 2214721.
331, 6691
List the prime factors of 28333093.
28333093
List the prime factors of 219477.
3, 149, 491
What are the prime factors of 6381654?
2, 3, 1063609
List the prime factors of 12758579.
29, 79, 5569
What are the prime factors of 4211831?
13, 323987
List the prime factors of 680607.
3, 47, 1609
List the prime factors of 36619.
11, 3329
List the prime factors of 1229310.
2, 3, 5, 29, 157
List the prime factors of 139132.
2, 7, 4969
What are the prime factors of 10858664?
2, 1357333
What are the prime factors of 13779741?
3, 17, 270191
List the prime factors of 29125.
5, 233
What are the prime factors of 1309270?
2, 5, 130927
What are the prime factors of 5073383?
7, 724769
List the prime factors of 2151430.
2, 5, 215143
What are the prime factors of 196119?
3, 7, 11, 283
What are the prime factors of 3359686?
2, 11, 13883
What are the prime factors of 835870?
2, 5, 7, 11941
What are the prime factors of 831780?
2, 3, 5, 4621
List the prime factors of 1453832.
2, 181729
List the prime factors of 4075926.
2, 3, 79, 8599
What are the prime factors of 1424599?
11, 129509
What are the prime factors of 262058?
2, 283, 463
What are the prime factors of 435535?
5, 87107
List the prime factors of 2847046.
2, 29, 191, 257
List the prime factors of 14172330.
2, 3, 5, 472411
What are the prime factors of 37242?
2, 3, 2069
List the prime factors of 89774.
2, 44887
What are the prime factors of 63241?
63241
List the prime factors of 3444199.
11, 313109
List the prime factors of 7894942.
2, 11, 358861
What are the prime factors of 1927468?
2, 481867
What are the prime factors of 142220?
2, 5, 13, 547
List the prime factors of 4135774.
2, 2067887
List the prime factors of 398079.
3, 11, 4021
What are the prime factors of 20287269?
3, 19, 29, 4091
List the prime factors of 1223917.
1009, 1213
List the prime factors of 322266.
2, 3, 7, 7673
List the prime factors of 257458.
2, 109, 1181
List the prime factors of 1805503.
7, 36847
What are the prime factors of 256638?
2, 3, 42773
List the prime factors of 1213697.
233, 5209
List the prime factors of 2054852.
2, 59, 8707
List the prime factors of 3058689.
3, 1019563
List the prime factors of 422086.
2, 7, 59, 73
List the prime factors of 100902.
2, 3, 67, 251
List the prime factors of 1569718.
2, 784859
List the prime factors of 1710648.
2, 3, 23, 1033
What are the prime factors of 1228738?
2, 7, 87767
What are the prime factors of 2343806?
2, 41, 101, 283
List the prime factors of 1085199.
3, 67, 5399
List the prime factors of 1395012.
2, 3, 101, 1151
List the prime factors of 268377.
3, 89459
What are the prime factors of 422988?
2, 3, 101, 349
What are the prime factors of 6871971?
3, 227, 10091
What are the prime factors of 4799622?
2, 3, 251, 3187
List the prime factors of 445001.
445001
What are the prime factors of 5076993?
3, 461, 3671
What are the prime factors of 97781?
277, 353
What are the prime factors of 827284?
2, 206821
What are the prime factors of 824952?
2, 3, 37, 929
What are the prime factors of 10988353?
31, 354463
What are the prime factors of 1906732?
2, 476683
What are the prime factors of 9817203?
3, 11, 521, 571
List the prime factors of 183190.
2, 5, 7, 2617
What are the prime factors of 237401?
237401
What are the prime factors of 64635?
3, 5, 31, 139
What are the prime factors of 213199?
7, 19, 229
List the prime factors of 3010048.
2, 5879
List the prime factors of 443503.
59, 7517
What are the prime factors of 486386?
2, 157, 1549
List the prime factors of 17149539.
3, 11, 519683
What are the prime factors of 477110?
2, 5, 47711
What are the prime factors of 2635797?
3, 101, 8699
List the prime factors of 14085275.
5, 563411
What are the prime factors of 245436?
2, 3, 113, 181
What are the prime factors of 2317227?
3, 11, 23, 43, 71
What are the prime factors of 8061932?
2, 241, 8363
What are the prime factors of 534938?
2, 267469
What are the prime factors of 1262876?
2, 239, 1321
What are the prime factors of 1097178?
2, 3, 107, 1709
What are the prime factors of 27630546?
2, 3, 2131, 2161
List the prime factors of 927909.
3, 34367
List the prime factors of 19804582.
2, 7, 1414613
List the prime factors of 845941.
845941
What are the prime factors of 3883388?
2, 970847
What are the prime factors of 149900?
2, 5, 1499
List the prime factors of 6048849.
3, 29, 251, 277
List the prime factors of 529979.
529979
List the prime factors of 93221.
73, 1277
List the prime factors of 5417261.
19, 285119
What are the prime factors of 1057257?
3, 79, 1487
List the prime factors of 10600376.
2, 1325047
List the prime factors of 38270.
2, 5, 43, 89
What are the prime factors of 2579073?
3, 7, 191, 643
List the prime factors of 65934.
2, 3, 11, 37
List the prime factors of 112847.
7, 47
List the prime factors of 285479.
31, 9209
What are the prime factors of 212073